 is divided by x?
12
Let m(l) = -4*l + 3. Calculate the remainder when m(-2) is divided by 6.
5
Let b(t) = 2*t**2 + 11*t - 16. Calculate the remainder when b(-8) is divided by 9.
6
Suppose -1 = -2*s - 9. Calculate the remainder when ((-1)/2)/((-3)/156) is divided by 2/s*36/(-2).
8
Let f = 4 + 13. What is the remainder when 83 is divided by f?
15
Let i(r) = r**2 + 7*r + 9. Let c be i(-6). Suppose 3*p - c*s + s = 7, -5*p = s - 16. Let z(n) = -n + 2. Calculate the remainder when p is divided by z(0).
1
Let t(d) = -d**2 - 19*d + 8. Calculate the remainder when t(-14) is divided by 9.
6
Let d = -23 - -31. Calculate the remainder when d is divided by 2.
0
Let o = 60 + -15. Let h(p) = -p**3 - 2*p**2. Let i be h(-3). Calculate the remainder when o is divided by (-9)/(-2)*24/i.
9
Let j be (-1*(-1 - 1))/(-2). Let v = 3 + j. What is the remainder when v/2*(0 - -47) is divided by 16?
15
Suppose 4*p - 8 = 0, 2*p + p + 340 = 2*b. Suppose r + 4*r - b = 3*z, z + 33 = r. What is the remainder when r is divided by ((-2)/4)/(1/(-38))?
18
Suppose 5*m = -2*y + 55, -m - 3*m + 129 = 5*y. Calculate the remainder when 46 is divided by y.
21
Let d(u) = 6*u**2 + 5*u - 4. Let y be d(4). Suppose 2*c - 1 - 11 = 0. What is the remainder when (3 - 0)*y/21 is divided by c?
4
What is the remainder when (84 + (-2)/1)*1 is divided by 21?
19
Let n = 153 + -78. What is the remainder when n is divided by 19?
18
Let s(b) = b**2 + 21*b + 95. Calculate the remainder when s(-17) is divided by (-118)/(-8) - 1/(-4).
12
What is the remainder when -3 - 4/((-12)/279) is divided by 13?
12
Let f(s) = -3*s**3 - 5*s**2 + 3*s + 3. Calculate the remainder when f(-4) is divided by 26.
25
Let q(g) = 19*g**2 + 2*g + 1. Let s be q(-1). Let o = s + 2. Suppose x + x - o = 0. What is the remainder when 29 is divided by x?
9
Let f = -10 - -13. Suppose f*a + 2*a - 10 = 0. Let l = -3 - -7. What is the remainder when l is divided by a?
0
Suppose -5*c = -6*c - 3. Let i(v) = -6 - 3 + v**2 + 5. What is the remainder when 14 is divided by i(c)?
4
Let w = -8 - -10. Suppose 2*a = -a + 15. What is the remainder when a is divided by w?
1
Let r = 4 + -3. What is the remainder when 31 is divided by -11*(3 + -3 - r)?
9
Suppose -3*v + 5*v = 12. What is the remainder when 38 is divided by (40/v)/(6/9)?
8
Suppose -13 = -5*z - 3. Let v = z + -2. Suppose v*d = 4*h + 4*d - 28, 5*h - 35 = 4*d. Calculate the remainder when 12 is divided by h.
5
Let r = -26 + 42. Suppose -65 = -4*h + 3*w, r = h + 2*w - 3*w. Calculate the remainder when 33 is divided by h.
16
Let o = -127 - -189. What is the remainder when o is divided by 22?
18
Let v(w) = 8*w - 7. Let t be v(7). Suppose 5*c + 33 = 3*o - 6, 5*c = -2*o - t. Calculate the remainder when ((-6)/4)/(c/156) is divided by 14.
12
Let v(x) = -x**2 - 19*x - 75. Suppose 3*t = m + 100, -m - 3*m + 8 = 0. What is the remainder when t is divided by v(-12)?
7
Suppose -2*o = y - 2*y - 4, -3*o + 6 = 2*y. Suppose 3*v = -o*v + 50. Calculate the remainder when 38 is divided by v.
8
Suppose 5*j + 137 = -0*x + 2*x, 2*x - 3*j = 131. Calculate the remainder when x is divided by 8.
5
Let t(a) = 4*a**2 + 4*a + 1. Suppose 9 = -3*i + 3*f - 0, -2*i - f - 6 = 0. Calculate the remainder when 73 is divided by t(i).
23
Let j = 77 - 19. Let y be (-1 - -3)*(-10)/(-4). Suppose -y*k + 25 = 0, -k + j = 4*h + k. What is the remainder when 34 is divided by h?
10
Suppose 6*d = 4*d + 62. Suppose -5*r = -0*g - 5*g - 40, -3*r = g - 36. Calculate the remainder when d is divided by r.
9
Suppose -2*f = -3*s - 27, -19 = -2*f - 2*f - s. Let a = 24 + -20. What is the remainder when f is divided by a?
2
Let x be (-100)/16 - (-1)/4. Let p = -2 - x. Suppose -p*i + 9 = -7. Calculate the remainder when 7 is divided by i.
3
Suppose -3*w - 43 = -4*w. What is the remainder when w is divided by 11?
10
Suppose -2*b + f + 2 = 0, 2*f + 2 = 3*b - 0*f. Let h(i) = i + i**3 - b - 6*i - 2*i**3 - 4*i**2 + 6. What is the remainder when 47 is divided by h(-4)?
23
Let u be 1*107 - (-3)/3. Suppose 4*g - 3*g - 105 = -2*r, 2*r - 2*g = u. Calculate the remainder when r is divided by 18.
17
Suppose -4*z = -2*b - 104, -z + 117 = 4*z + 4*b. Let n be (5 + 7)*(-1)/2. Let r = 7 - n. Calculate the remainder when z is divided by r.
12
Suppose -4*f + 21 = -5*b + 83, 5*b = 2*f + 56. Calculate the remainder when 66 is divided by b.
6
Let k = -4 + 8. Suppose 0 = -k*x - 17 + 65. Calculate the remainder when 35 is divided by x.
11
Let x(c) = -c**3 - 9*c**2 - 9*c + 1. Let i be x(-7). Calculate the remainder when 36 is divided by (-2)/4*i - -2.
17
Let i(r) = r**3 - 8*r**2 - 7*r - 8. What is the remainder when 56 is divided by i(9)?
6
Let q(w) = -54*w + 1. Suppose -15 = -5*v + 55. Calculate the remainder when q(-1) is divided by v.
13
Suppose i - 119 = -w + 91, -5 = 5*w. Calculate the remainder when i is divided by 53.
52
Let a be 6/1 - 2 - 0. Calculate the remainder when 3072/27 + a/18 is divided by 29.
27
Let h(d) = -d**2 + 3*d. Let l be h(-3). Suppose 0 = 5*m - 2*u - 2, -m - u + 2*u = 2. Calculate the remainder when m is divided by 2/3 - 6/l.
0
Suppose 0*b = 3*b - 96. Suppose 5*k = b - 7. Suppose 5*j - 84 - 61 = -5*x, 2*x = k*j + 93. What is the remainder when x is divided by 12?
10
Let b = 82 - 48. Let k(l) = 8*l + 4. Let i(x) = -9*x - 3. Let g(a) = -3*i(a) - 2*k(a). What is the remainder when b is divided by g(1)?
10
Suppose -33 = -a + g - 6*g, -5*g = -2*a - 9. Let w(b) = b + 3. Calculate the remainder when 41 is divided by w(a).
8
Let u = 81 + -76. What is the remainder when 23 is divided by u?
3
Suppose -f + 3*b = f, 5*f - 4*b - 14 = 0. What is the remainder when 22 is divided by f?
4
Suppose 3*x = 8 + 1. Suppose -2*n + 41 = x*t, t - 51 = -n - n. What is the remainder when 81 is divided by n?
25
Suppose -2*d + 26 = 4*f - 22, 2*f - d = 32. Let i(c) = c**2 - 7*c + 5. Calculate the remainder when f is divided by i(7).
4
Suppose -f - 5*x - 1 = -0, -3*f - 5*x = -17. What is the remainder when 51 is divided by f?
6
Suppose -90 = -2*x + 66. Calculate the remainder when x is divided by 20.
18
Let i(c) = c - 1. Let m be i(1). Suppose m = -r + 26 + 13. Let w(x) = -10*x. What is the remainder when r is divided by w(-1)?
9
Suppose 90 = 5*f + 20. Calculate the remainder when 22 is divided by f.
8
Let x(h) = h**2 - 8*h - 13. What is the remainder when x(13) is divided by 11?
8
Suppose 0*o + 3*o - 18 = 0. Suppose -36 = 3*v - 189. Calculate the remainder when 2/((-3)/v*-2) is divided by o.
5
Let w be 20/(-6)*(-3)/2. Suppose -x - 3*r + 38 = 0, -w*r + 1 = -14. What is the remainder when x is divided by 5/(3 - (-8)/(-3))?
14
Suppose 2*z + 95 = 7*z. Suppose -2*f = 5*x + 5 + 190, 0 = 3*x - 4*f + 91. Calculate the remainder when -1 + 1 + x/(-1) is divided by z.
18
Let r = -10 - -63. Calculate the remainder when 158 is divided by r.
52
Suppose -4*i + 31 = 11. Suppose -66 = -4*u - 2*y, i*u - y + 4*y = 82. Let t(c) = -c**2 + 6*c + 1. What is the remainder when u is divided by t(4)?
8
Let y = 6 - 9. Let m = y + 5. Calculate the remainder when m is divided by 1.
0
Suppose -5*n = 38 - 213. Let i = -90 - -102. Calculate the remainder when n is divided by i.
11
Let p(r) = 2*r**2 + 5*r - 7. Let o be p(-6). Let g = -18 + o. Calculate the remainder when 49 is divided by g.
15
Suppose -7 = -w - 4*u, 4*u + u = -5. Suppose 4*x + 20 = 0, x + 2 - 6 = -3*t. What is the remainder when w is divided by t?
2
Let j(s) = -6*s - 6. Let m be j(-9). Suppose -c = c - m. Calculate the remainder when c is divided by 13.
11
Suppose -3*d + 7*d - 3*v = 16, -2*v = -3*d + 13. Calculate the remainder when d is divided by 4.
3
Let v = 7 + 2. Calculate the remainder when v is divided by 5.
4
Let w be 12/10*5/2. Suppose -s + 2*g = -10, -w*s + 3*g + 33 = -0*g. Suppose -c + 8*a = 4*a - 47, 3*a + 9 = 0. What is the remainder when c is divided by s?
11
Let y(c) = -39*c - 1. Calculate the remainder when y(-1) is divided by 10.
8
Let j(v) = v - 6. Let p be j(10). Suppose -p*g + 280 - 60 = 0. What is the remainder when g is divided by 14?
13
Suppose 0 = -12*t + 8*t + 72. Calculate the remainder when 66 is divided by t.
12
Suppose 3*i = 320 - 89. What is the remainder when i is divided by 13?
12
Let v(x) = x**2 + x + 4. What is the remainder when v(0) is divided by -2*(-3)/(6/2)?
0
Let x be 1/3 - (-40)/15. Suppose b = -3*h 